-0*b + 2*b. What is the tens digit of 124/b - 2/(-9)?
1
What is the units digit of 2982/48 - (-1)/(-8)?
2
Let f be ((-5)/2)/(2/(-4)). Suppose 3*s - f = 1. What is the units digit of 9/s*(-4)/(-6)?
3
Suppose -t - l + 0*l = -34, 4*l = 3*t - 109. What is the tens digit of t?
3
Suppose 4*q - 64 = 2*q. What is the units digit of q?
2
Suppose -g - 5*s = -25, -5*g - 3*s = 47 - 150. What is the units digit of g?
0
Suppose -4*h = 2*l - 2*h - 42, 4*h - 24 = -l. Suppose f - l = -f. What is the tens digit of f?
1
Let q(v) be the second derivative of v**6/360 - v**5/120 - v**4/12 + v**3/6 - 3*v. Let d(j) be the second derivative of q(j). What is the units digit of d(-2)?
4
Let w(s) = s**2 - s + 1. Let t(x) = x**3 + 12*x**2 + 7*x - 3. Let r(a) = -t(a) + 3*w(a). What is the units digit of r(-8)?
2
Let p(l) be the third derivative of l**5/60 - 5*l**4/24 + l**3/3 + 4*l**2. What is the tens digit of p(7)?
1
Suppose -4*u - 4*g = -64, 6*g - g = 0. What is the units digit of u?
6
Let x(j) = -6*j + 2. Let b be x(-4). What is the tens digit of 3 + (b - (-4)/(-2))?
2
Let i(h) = -h**2 - 9*h - 8. What is the units digit of i(-6)?
0
Let p(g) = 2*g**3 - g**2 + 5*g - 3. Let b(j) = -j**3 - j**2 - j + 1. Let a(y) = b(y) + p(y). What is the tens digit of a(3)?
1
Suppose 0 = -4*f - 0*f - 20. Let m = f + 8. Suppose 2*a - m*y - 5 = 34, -a - 13 = 5*y. What is the units digit of a?
2
Let l(z) = z**3 + 9*z**2 + 9*z + 11. Let m(j) = j**2 - 6*j - 8. Let o be m(6). What is the units digit of l(o)?
3
Let d(n) be the first derivative of n**3/3 - 7*n**2/2 + 6*n - 2. Let r be d(7). Let p = -4 + r. What is the units digit of p?
2
What is the units digit of (-38)/(-3)*(-81)/(-6)?
1
Suppose -1625 = -6*n + 19. What is the hundreds digit of n?
2
Let t = 88 - -30. What is the tens digit of t?
1
Let b be (4/(-6))/(2/15). Let v = b + 7. Suppose -5*z + 2*u = -77, -3*z + 33 = -5*u + v. What is the units digit of z?
7
Let w(z) = -6*z**3 + 3*z**2 + z - 2. Let r be w(2). Let g = r + 75. Suppose 4*o - g = -5*f, 2*f - 20 = -4*o + 2*o. What is the units digit of o?
1
Suppose -5*i + 2*d + 608 = 0, 101 = i + 5*d + 1. What is the units digit of i?
0
Let q(u) = -u + 14. Let n be q(-14). Let b = 46 - n. What is the units digit of b?
8
Suppose -4*t + 16 = 0, 4*t - 16 = 2*s - t. Suppose -i = -5*n - 20, 3*i - s*i - n - 12 = 0. What is the tens digit of i?
1
Suppose -11*k - k = -1608. What is the tens digit of k?
3
Let v = -2 - -7. Suppose 0 = -3*d + c + 47, -v*d - c + 126 = 37. What is the units digit of d?
7
Let p(s) = 6*s**2 - 2*s + 25. What is the hundreds digit of p(8)?
3
Let p(h) = -h**2 + h + 6. Let q be p(5). What is the tens digit of (1*(q + 0))/(-1)?
1
Suppose -3*i - 8 + 23 = 0. Suppose -i*z - 5 = -35. Suppose 2*s - v - 25 = 0, -z*v = -3*v - 9. What is the tens digit of s?
1
Let r(h) = -h**3 - 5*h**2 - 6*h - 6. Let p be r(-4). Let m be 4/(p + (1 - 1)). Suppose 5*w = m*w + 18. What is the units digit of w?
6
Suppose 3*s - 3*g + 8*g - 10 = 0, 0 = 2*s + 5*g - 10. Let k(y) = y**3 + y - 1. Let d be k(s). Let b = d - -16. What is the units digit of b?
5
What is the tens digit of (-546)/(-27) - (-6)/(-27)?
2
Let s(l) be the second derivative of 0 - l + 1/2*l**4 + 1/6*l**3 + 1/2*l**2. What is the units digit of s(-1)?
6
Let m(y) = -2*y - 6. Let h be m(-6). What is the units digit of h/(-9) + (-78)/(-9)?
8
Let m(y) be the second derivative of -y**3/3 + 27*y**2/2 + 3*y. Let j(k) = -k + 9. Let t(l) = 11*j(l) - 4*m(l). What is the units digit of t(-6)?
9
Let o = 45 + -24. What is the tens digit of o?
2
Let o(h) = h**3 - 6*h**2 - 9*h + 6. Let d be o(7). Let m(j) = -13*j**2 + 1. Let f be m(-1). Let v = d - f. What is the units digit of v?
4
Let s be (3 - 2)/(1/3). Suppose 2*m + 3*m - 135 = -3*c, 2*m = -s*c + 135. What is the units digit of c?
5
Suppose 0 = -3*k + s - 60 + 1056, -664 = -2*k - 2*s. What is the units digit of k?
2
Suppose 6*z + 11*z = 986. What is the tens digit of z?
5
Suppose 13 = -2*g - 5. What is the tens digit of 69*(0 - 3/g)?
2
Let b(x) = 2. Let j(h) = -h**2. Let z(t) = b(t) - j(t). What is the tens digit of z(5)?
2
Suppose -7*y - 115 = -12*y. Suppose -7 = 2*n - y. What is the units digit of n?
8
Let r = -4 - -4. Let n be 10/(-1) - r/2. Let k = -7 - n. What is the units digit of k?
3
Let r(j) = j**3 + 9*j**2 - 12*j - 14. Let q be r(-10). What is the tens digit of (-15)/q*(4 + -10)?
1
Let x(j) = j**3 + 4*j**2 + j + 5. Let k be x(-4). Suppose n = -1 - k. What is the tens digit of (-25)/n + (-3)/(-2)?
1
Let j(l) = l**3 + l**2 - 2*l - 3. Let k be j(5). Suppose 3*y - k - 22 = 0. What is the units digit of y?
3
Let i(j) = j**2 + 8*j + 8. Let u be i(-7). Let q = u + 2. Suppose -7 - q = -2*c. What is the units digit of c?
5
Let n(w) = -w - 1. Let t be n(-5). Let k(d) = 2*d**2 - 3*d - 2. What is the tens digit of k(t)?
1
Let z = -24 - -15. Let r(y) = y**3 + 9*y**2 + 6. What is the units digit of r(z)?
6
Let x(s) = -6*s**2 + s + 2. Let v be x(-1). Let q(d) = -d**2 - 9*d + 2. Let g be q(-8). Let o = g + v. What is the units digit of o?
5
Let i = 35 + -59. Let w = i - -50. What is the units digit of w?
6
Let u be (-6)/12 - 77/2. What is the units digit of 1/(u/21 - -2)?
7
Let l be (-258)/(-21) + (-2)/7. Suppose 0 = -0*i - 4*i + l. What is the units digit of i?
3
Suppose -2*c = 4*m - 388, -4*c = -4*m - 1130 + 354. What is the hundreds digit of c?
1
Let j = -11 - -15. Suppose s + 3*s - 28 = j*n, -13 = -3*s + 5*n. What is the tens digit of s?
1
Let t(c) = -10*c - 19. What is the tens digit of t(-11)?
9
Let x(z) = -z**3 + 7*z**2 + 9*z. Let g be x(8). Suppose a + 3*d = -a + 4, 4*a = d + g. What is the units digit of a?
2
Suppose 72 = 5*o - 2*o. What is the tens digit of o?
2
Suppose z + d = 0, 24 = 5*z + d + 4. Suppose -4*u + 7*u = 3*p - 27, 0 = p - z*u - 25. What is the units digit of p?
5
Let s(a) be the second derivative of -a**5/20 - 5*a**4/12 + 2*a**3/3 + 5*a**2/2 + 4*a. Let h be s(-7). Suppose 0*g = -5*g + h. What is the tens digit of g?
1
Let y(b) = -b**3 + 8*b**2 - 4*b - 3. Let j(x) = -2*x**3 - 6*x**2 - x + 1. Let s be j(-3). What is the units digit of y(s)?
5
Suppose -3*r = s + 2*s + 27, -22 = 2*s + 3*r. What is the units digit of 8/20 + (-148)/s?
0
Let n = -3 - -5. Suppose -5*r - 5*z = -50, 0 + 5 = z. Suppose -n + r = f. What is the units digit of f?
3
Let h = 67 - -26. What is the tens digit of h?
9
Let o = -2 + 1. Let h(n) = n. Let a(l) = -3*l - 2. Let p(k) = o*a(k) - 4*h(k). What is the units digit of p(-11)?
3
Let j(r) = -r**3 + 2*r**2 - r - 2. Let f be j(-2). Suppose -3*y = y - f. What is the units digit of y?
4
Let b(g) = 3*g**2 - 1. What is the tens digit of b(3)?
2
Let s(k) = k**2 + k + 2. Let h be s(-3). Let i(t) = -h*t**2 + t**3 - 2*t**3 + 3*t - 8 - 3 + 4*t. What is the units digit of i(-9)?
7
Suppose 6*q - 21 = 3*q. Suppose -1 = -g + q. What is the units digit of g?
8
Suppose 0 = -2*f + 19 - 7. Let c = 16 - f. Suppose 5*p - 26 = -2*v, -5*p - 5*v + c = -10. What is the units digit of p?
6
What is the tens digit of 2/15 - 1046/(-30)?
3
Let h = 2 + 2. Suppose h*z = -0 + 52. What is the units digit of z?
3
Suppose 3*l - 2*l = 0. Suppose l - 6 = -k. What is the units digit of k?
6
Let u = 34 - 48. What is the tens digit of 3/12*-6*u?
2
Let q(h) be the first derivative of -h**3/3 - 3*h**2/2 + 4*h + 3. What is the units digit of q(-3)?
4
Suppose o - 15 = 5*i + 3, 0 = 5*o + 4*i - 3. Let j be -1 - (0 - (6 - 0)). Suppose j*f - g = 14, 5*f - o*g = 2*f + 18. What is the units digit of f?
2
What is the tens digit of 8/4 - 66/(-2)?
3
Let c(p) be the third derivative of p**5/60 - p**3/6 - 6*p**2. What is the tens digit of c(4)?
1
Let t(p) = p**3 - 7*p**2 + 10*p + 6. Let i = 5 - 7. Let n(q) = -q**3 + q**2 - q + 1. Let w(b) = i*n(b) - t(b). What is the units digit of w(-6)?
4
Let b(h) be the first derivative of -h**4/12 - h**3 + h**2/2 - 3. Let f(j) be the second derivative of b(j). What is the units digit of f(-7)?
8
Let p(h) be the third derivative of -3*h**4/8 + h**3/6 + 3*h**2. What is the units digit of p(-1)?
0
Suppose 0 = -4*l + l + 9. Suppose 5*r + 0*i + l*i - 95 = 0, 65 = 5*r - 3*i. What is the units digit of r?
6
What is the tens digit of 5/((-5)/(-56)) + 15/5?
5
Suppose -t + 5 = 1. Suppose x - t - 1 = 0. Suppose -4*d + 26 = j, -x*j = 2*d - 3*d - 4. What is the units digit of d?
6
Let m(f) = 14